{"id":824,"date":"2018-05-03T15:19:56","date_gmt":"2018-05-03T15:19:56","guid":{"rendered":"http:\/\/wpoffice\/enfold-lawyer\/?page_id=824"},"modified":"2023-05-31T16:38:01","modified_gmt":"2023-05-31T14:38:01","slug":"practice-areas","status":"publish","type":"page","link":"https:\/\/ufeprode-rdc-org.iyebo.com\/index.php\/practice-areas\/","title":{"rendered":"Domaines d&#8217;intervention"},"content":{"rendered":"<div id='av_section_1'  class='avia-section main_color avia-section-default avia-no-border-styling  avia-full-stretch av-section-color-overlay-active avia-bg-style-scroll  avia-builder-el-0  el_before_av_section  avia-builder-el-first   av-minimum-height av-minimum-height-custom  container_wrap fullsize' style='background-repeat: no-repeat; background-image: url(https:\/\/ufeprode-rdc-org.iyebo.com\/wp-content\/uploads\/2023\/05\/Rond_point_INSTIGO_Goma.jpg);background-attachment: scroll; background-position: center center;  '  data-section-bg-repeat='stretch'><div class='av-section-color-overlay-wrap'><div class='av-section-color-overlay' style='opacity: 0.6; background-color: #007c07; '><\/div><div class='container' style='height:230px'><main  role=\"main\" itemprop=\"mainContentOfPage\"  class='template-page content  av-content-full alpha units'><div class='post-entry post-entry-type-page post-entry-824'><div class='entry-content-wrapper clearfix'>\n<div class=\"flex_column av_one_full  av-animated-generic left-to-right  flex_column_div av-zero-column-padding first  avia-builder-el-1  avia-builder-el-no-sibling  \" style='margin-top:0px; margin-bottom:0px; border-radius:0px; '><div  style='padding-bottom:0px; margin:0 0 0 0; color:#ffffff;font-size:4vw;' class='av-special-heading av-special-heading-h2 custom-color-heading blockquote modern-quote modern-centered  avia-builder-el-2  avia-builder-el-no-sibling  av-inherit-size '><h2 class='av-special-heading-tag '  itemprop=\"headline\"  >Domaines d\u2019intervention<\/h2><div class='special-heading-border'><div class='special-heading-inner-border' style='border-color:#ffffff'><\/div><\/div><\/div><\/div>\n\n<\/div><\/div><\/main><!-- close content main element --><\/div><\/div><\/div><div id='av_section_2'  class='avia-section main_color avia-section-huge avia-no-border-styling  avia-bg-style-scroll  avia-builder-el-3  el_after_av_section  avia-builder-el-last   container_wrap fullsize' style=' '  ><div class='container' ><div class='template-page content  av-content-full alpha units'><div class='post-entry post-entry-type-page post-entry-824'><div class='entry-content-wrapper clearfix'>\n<div  style=' margin-top:50px; margin-bottom:65px;'  class='hr hr-custom hr-center hr-icon-yes   avia-builder-el-4  el_before_av_one_third  avia-builder-el-first '><span class='hr-inner  inner-border-av-border-thin' style=' width:50px; border-color:#d3d3d3; max-width:45%;' ><span class='hr-inner-style'><\/span><\/span><span class='av-seperator-icon' style='color:#072f4c;' aria-hidden='true' data-av_icon='\uf119' data-av_iconfont='justice'><\/span><span class='hr-inner  inner-border-av-border-thin' style=' width:50px; border-color:#d3d3d3; max-width:45%;' ><span class='hr-inner-style'><\/span><\/span><\/div>\n<div class='flex_column_table av-equal-height-column-flextable -flextable' style='margin-top:0px; margin-bottom:70px; '><div class=\"flex_column av_one_third  av-animated-generic left-to-right  flex_column_table_cell av-equal-height-column av-align-middle first  avia-builder-el-5  el_after_av_hr  el_before_av_two_third  \" style='background:linear-gradient(45deg,#007c07,#00db24); padding:40px; background-color:#094978; border-radius:3px; '><p><span  class=\"av_font_icon avia_animate_when_visible avia-icon-animate  av-icon-style-  avia-icon-pos-center \" style=\"color:#ffffff; border-color:#ffffff;\"><span class='av-icon-char' style='font-size:70px;line-height:70px;' aria-hidden='true' data-av_icon='\uf106' data-av_iconfont='justice' ><\/span><\/span><br \/>\n<div  style='padding-bottom:10px; margin-top:25; color:#ffffff;' class='av-special-heading av-special-heading-h2 custom-color-heading blockquote modern-quote modern-centered  avia-builder-el-7  el_after_av_font_icon  el_before_av_textblock  '><h2 class='av-special-heading-tag '  itemprop=\"headline\"  >UFEPRODE<\/h2><div class='special-heading-border'><div class='special-heading-inner-border' style='border-color:#ffffff'><\/div><\/div><\/div><br \/>\n<section class=\"av_textblock_section \"  itemscope=\"itemscope\" itemtype=\"https:\/\/schema.org\/CreativeWork\" ><div class='avia_textblock  av_inherit_color '  style='color:#ffffff; '  itemprop=\"text\" ><p style=\"text-align: center;\">Pour des questions et de plus amples informations, n&#8217;h\u00e9sitez pas \u00e0 nous contacter.<\/p>\n<\/div><\/section><br \/>\n<div  style='height:20px' class='hr hr-invisible   avia-builder-el-9  el_after_av_textblock  el_before_av_button '><span class='hr-inner ' ><span class='hr-inner-style'><\/span><\/span><\/div><br \/>\n<div  class='avia-button-wrap avia-button-center  avia-builder-el-10  el_after_av_hr  avia-builder-el-last ' ><a href='https:\/\/ufeprode-rdc-org.iyebo.com\/index.php\/get-in-touch\/'  class='avia-button av-icon-on-hover  avia-icon_select-yes-right-icon avia-color-custom avia-size-large avia-position-center '  style='background-color:#ffffff; border-color:#ffffff; color:#000000; ' ><span class='avia_iconbox_title' >Entrer en contact<\/span><span class='avia_button_icon avia_button_icon_right' aria-hidden='true' data-av_icon='\ue879' data-av_iconfont='entypo-fontello'><\/span><\/a><\/div><\/p><\/div><div class='av-flex-placeholder'><\/div><div class=\"flex_column av_two_third  av-animated-generic left-to-right  flex_column_table_cell av-equal-height-column av-align-middle   avia-builder-el-11  el_after_av_one_third  avia-builder-el-last  \" style='background: #f7f7f7; padding:40px; background-color:#f7f7f7; border-radius:3px; '><p><div  style='padding-bottom:10px; margin-top:25; ' class='av-special-heading av-special-heading-h2  blockquote modern-quote  avia-builder-el-12  el_before_av_textblock  avia-builder-el-first  '><h2 class='av-special-heading-tag '  itemprop=\"headline\"  >Pour un monde plus juste et durable<\/h2><div class='special-heading-border'><div class='special-heading-inner-border' ><\/div><\/div><\/div><br \/>\n<section class=\"av_textblock_section \"  itemscope=\"itemscope\" itemtype=\"https:\/\/schema.org\/CreativeWork\" ><div class='avia_textblock  '   itemprop=\"text\" ><p><strong>Pr\u00e9vention et R\u00e9ponse \u00e0 toutes formes de violation des droits humains:<\/strong> Nous travaillons activement pour pr\u00e9venir les violations des droits humains et r\u00e9pondre aux situations o\u00f9 ces droits sont compromis, en sensibilisant, en plaidant et en prenant des mesures pour garantir la protection de chaque individu.<\/p>\n<p><strong>Accompagnement juridique et judiciaire:<\/strong> Nous offrons un accompagnement juridique et judiciaire aux personnes qui ont besoin d&#8217;assistance dans la protection de leurs droits, en les aidant \u00e0 comprendre les proc\u00e9dures l\u00e9gales, en les repr\u00e9sentant devant les tribunaux et en veillant \u00e0 ce qu&#8217;elles aient acc\u00e8s \u00e0 une justice \u00e9quitable.<\/p>\n<p><strong>Justice, Paix, Protection et Pacification:<\/strong> Nous nous effor\u00e7ons de promouvoir la justice, la paix et la protection des droits fondamentaux de tous. Nous travaillons \u00e9galement \u00e0 faciliter la r\u00e9solution pacifique des conflits et \u00e0 encourager la r\u00e9conciliation dans les communaut\u00e9s affect\u00e9es par les tensions et les violences.<\/p>\n<p><strong>Autonomisation de la femme et de la jeune fille:<\/strong> Nous mettons en place des programmes et des initiatives visant \u00e0 renforcer l&#8217;autonomie des femmes et des jeunes filles, en leur fournissant les outils, les ressources et les opportunit\u00e9s n\u00e9cessaires pour qu&#8217;elles puissent prendre des d\u00e9cisions \u00e9clair\u00e9es et s&#8217;\u00e9panouir pleinement.<\/p>\n<p><strong>Education, Sant\u00e9 primaire et Urgence humanitaire:<\/strong> Nous promouvons l&#8217;acc\u00e8s \u00e0 une \u00e9ducation de qualit\u00e9 pour tous, en particulier pour les populations vuln\u00e9rables. Nous travaillons \u00e9galement \u00e0 garantir l&#8217;acc\u00e8s aux soins de sant\u00e9 primaires et \u00e0 fournir une assistance d&#8217;urgence aux personnes touch\u00e9es par des crises humanitaires.<\/p>\n<p><strong>D\u00e9veloppement durable et S\u00e9curit\u00e9 alimentaire<\/strong>: Nous nous engageons \u00e0 promouvoir un d\u00e9veloppement durable qui r\u00e9ponde aux besoins des g\u00e9n\u00e9rations pr\u00e9sentes et futures, tout en pr\u00e9servant l&#8217;environnement. Nous soutenons \u00e9galement la s\u00e9curit\u00e9 alimentaire en favorisant des pratiques agricoles durables et en renfor\u00e7ant les capacit\u00e9s des communaut\u00e9s locales.<\/p>\n<p><strong>Protection de l&#8217;Environnement:<\/strong> Nous travaillons pour prot\u00e9ger l&#8217;environnement en sensibilisant aux enjeux environnementaux, en encourageant des pratiques respectueuses de l&#8217;environnement et en collaborant avec les communaut\u00e9s locales pour la conservation des ressources naturelles et la lutte contre le changement climatique.<\/p>\n<\/div><\/section><br \/>\n<div  style=' margin-top:50px; margin-bottom:65px;'  class='hr hr-custom hr-center hr-icon-yes   avia-builder-el-14  el_after_av_textblock  avia-builder-el-last '><span class='hr-inner  inner-border-av-border-thin' style=' width:50px; border-color:#d3d3d3; max-width:45%;' ><span class='hr-inner-style'><\/span><\/span><span class='av-seperator-icon' style='color:#072f4c;' aria-hidden='true' data-av_icon='\uf119' data-av_iconfont='justice'><\/span><span class='hr-inner  inner-border-av-border-thin' style=' width:50px; border-color:#d3d3d3; max-width:45%;' ><span class='hr-inner-style'><\/span><\/span><\/div><\/p><\/div><\/div><!--close column table wrapper. Autoclose: 1 -->\n\n","protected":false},"excerpt":{"rendered":"","protected":false},"author":1,"featured_media":0,"parent":0,"menu_order":0,"comment_status":"closed","ping_status":"closed","template":"","meta":{"footnotes":""},"class_list":["post-824","page","type-page","status-publish","hentry"],"_links":{"self":[{"href":"https:\/\/ufeprode-rdc-org.iyebo.com\/index.php\/wp-json\/wp\/v2\/pages\/824","targetHints":{"allow":["GET"]}}],"collection":[{"href":"https:\/\/ufeprode-rdc-org.iyebo.com\/index.php\/wp-json\/wp\/v2\/pages"}],"about":[{"href":"https:\/\/ufeprode-rdc-org.iyebo.com\/index.php\/wp-json\/wp\/v2\/types\/page"}],"author":[{"embeddable":true,"href":"https:\/\/ufeprode-rdc-org.iyebo.com\/index.php\/wp-json\/wp\/v2\/users\/1"}],"replies":[{"embeddable":true,"href":"https:\/\/ufeprode-rdc-org.iyebo.com\/index.php\/wp-json\/wp\/v2\/comments?post=824"}],"version-history":[{"count":7,"href":"https:\/\/ufeprode-rdc-org.iyebo.com\/index.php\/wp-json\/wp\/v2\/pages\/824\/revisions"}],"predecessor-version":[{"id":1001,"href":"https:\/\/ufeprode-rdc-org.iyebo.com\/index.php\/wp-json\/wp\/v2\/pages\/824\/revisions\/1001"}],"wp:attachment":[{"href":"https:\/\/ufeprode-rdc-org.iyebo.com\/index.php\/wp-json\/wp\/v2\/media?parent=824"}],"curies":[{"name":"wp","href":"https:\/\/api.w.org\/{rel}","templated":true}]}}